
Let p(q) = -13*q - 67. Let g be 4 + -16 + 8 + -2. Let y(l) = -7*l - 36. Let j(t) = g*p(t) + 11*y(t). What is j(-12)?
-6
Let v(a) = -15 + 4 + 0*a**3 + 8 - a**3 + 4*a - 2*a**2. Suppose 0 = 7*s - 3*s - 28. Suppose 0*u = 3*l + 2*u + 6, -2*l = 5*u - s. Determine v(l).
13
Let i = -32 - -37. Suppose i*s = -3*w, -2 - 5 = s + 2*w. Let c(x) = 5*x - 3. Let n(q) = 6*q - 4. Let b(g) = 7*c(g) - 6*n(g). Give b(s).
0
Let c = 47 - 24. Let d(t) = -66 + c + 14 + 23 + 4*t. What is d(-7)?
-34
Let d(y) = -y**3 - 3*y**2 + 27*y - 6. Suppose 0 = -2*k + 10*g - 7*g - 11, -5*k - 30 = -5*g. Calculate d(k).
1
Let y(t) = 12*t - 20. Let p(x) = 4*x - 7. Let q(o) = 17*p(o) - 6*y(o). Let r be (2/10)/((-89)/445). Calculate q(r).
5
Let x(y) = -2*y**2 - 8*y - 2. Let w be x(-3). Let n be 7*(0 + w/14). Let r(h) = 8*h - 5 - 2*h**2 + h**n + 2*h**2. Calculate r(-9).
4
Let k(a) = a**3 + 11*a**2 + 9*a - 19. Let v = 4113 + -4123. Calculate k(v).
-9
Let a(f) = 9*f**2 - 32*f + 4. Let k(c) = 8*c**2 - 28*c + 4. Let d(b) = 5*a(b) - 6*k(b). Give d(3).
-7
Let v(d) = -d**3 - 22*d**2 + 22*d - 14. Let b be (552/(-120))/((-143)/(-165) - (-2)/(-3)). What is v(b)?
9
Let h(x) be the second derivative of x**4/12 - 7*x. Let g(n) = -3*n**2 + 6*n + 10. Let y be g(-3). Let s be 21/y - 16/(-10). Give h(s).
1
Suppose 17*h - 61 - 7 = 0. Suppose -24 = h*f - 28. Let j(n) = 2*n**2. What is j(f)?
2
Let g(p) = -p + 13. Let v be 10692/429 - 1/(-13). Calculate g(v).
-12
Let q be (220/(-12))/5 - (-2)/3. Let k = 6 - q. Let n(m) = -5*m - 17 - m**3 + k + 10 - 8*m**2. What is n(-7)?
-12
Let q(u) = 62 + 1769*u**2 + 6 + 1759*u**2 - 3554*u**2 - u**3 + 3*u. Calculate q(-26).
-10
Let n(b) = b - 4. Let c = -14 + 14. Suppose c = -5*k - 11*p + 10*p + 37, 0 = -4*k - 3*p + 23. Give n(k).
4
Let o(p) = 163*p - 25. Let s(j) = -46*j + 8. Let k(c) = 2*o(c) + 7*s(c). Determine k(3).
18
Let u(h) = -h + 5. Let g = -195 - -199. Suppose -a + g + 3 = -2*x, 0 = -4*a - x + 55. What is u(a)?
-8
Let o(t) = t**2 + 11*t + 3. Let s(p) = p**2 - 7*p + 8. Let v be s(5). Let x(y) = 4*y**2 + 35*y + 10. Let w(n) = v*x(n) + 7*o(n). What is w(6)?
7
Let g(q) = -536*q**2 - 50 + 78*q**2 + 457*q**2 + 17*q. Determine g(8).
22
Let p(s) = -29*s**3 - s**2 + 2*s - 1. Let u(y) = -y**3 + 1 + 57*y - 38*y**2 + 27*y**2 + 27*y**2. Let f be u(19). Determine p(f).
-29
Let t(j) = -2*j - 40. Let u(k) = 1. Let m(c) = t(c) + 5*u(c). Let x be m(-18). Let o(l) = -l + 6 + l**2 - 4*l - 8 + x. What is o(3)?
-7
Let c(r) = -123*r**2 - 133*r**2 + 368*r**2 - 17*r - 25 - 113*r**2. Give c(-12).
35
Let a(u) = u - 1. Let w(j) = -2*j**3 - 9*j**2 + 33*j - 11. Let c be w(-7). Suppose 0 = -c*s + 9*g - 10*g, -g = 0. Calculate a(s).
-1
Let x = -5640 - -5627. Let i(j) = j + 15. Calculate i(x).
2
Suppose -2*l + 16 = 2*a, 5*l - 21 = -3*a + 9. Suppose 0 = 5*w - t + 6*t - 20, a*w = -4*t + 17. Let m(u) = -33*u**2 + w - 1 - u + 35*u**2. Give m(2).
6
Let s = 750 - 747. Let h(x) = x + 2*x**2 + 2*x + s*x - 3*x**2 + 4 - 9. Determine h(4).
3
Let n(r) be the third derivative of r**5/15 - r**4/6 - r**3 - 3614*r**2. Give n(-2).
18
Let f = 131 - 130. Let w(u) = u**2 + 2*u. Let t(z) = 7*z**2 + 11*z - 2. Let d(o) = f*t(o) - 5*w(o). Determine d(1).
1
Suppose 10*l + 43 + 17 = 4*n, 2*n = 4*l + 22. Let s(h) = 6*h + 38. Calculate s(l).
-10
Suppose -4*p = -0*k - k + 22, -p = -5*k + 34. Let f(g) be the second derivative of -g**5/20 + 7*g**4/12 - g**3 + 2*g**2 - 63*g. What is f(k)?
4
Let r(g) = -g**2 + 17*g + 37. Let p be 18/198 + (-4784)/(-253). What is r(p)?
-1
Suppose 0 = 9*x - 344 - 124. Let j = 45 - x. Let w(s) = s**3 + 6*s**2 - 6*s + 5. Give w(j).
-2
Let h(q) = -q**3 + 8*q**2 - 9*q + 2. Suppose -f = g - 8, -49*g + 45*g + 5*f + 23 = 0. Give h(g).
-12
Suppose 0*g - g = -2. Let c(v) be the third derivative of -1/8*v**4 + 1/6*v**3 - 19*v**2 + 0*v + 0. Calculate c(g).
-5
Let z(h) = -h**3 + 39*h**2 - 35*h - 111. Let o be (-22)/(-77) - 264/(-7). Calculate z(o).
3
Suppose -20 = 3*f - 5*f - 2*q, 0 = 5*f - q - 26. Let g(n) = 1 + 4*n + 6*n**2 - 8*n + f - n**3 - 2*n. Let i be (-27)/(-5) - (-4)/(-10). Give g(i).
2
Let y(o) be the first derivative of -3*o**2 + 19*o - 5106. Calculate y(0).
19
Let g(l) = -3 + 4*l + 2*l**3 - 8*l**2 - 9*l**2 + 0*l**3 + 15*l**2 - l**3. Suppose 9*a - 8 - 10 = 0. Determine g(a).
5
Let h(f) be the second derivative of 3*f - 1/2*f**2 - 1/12*f**4 + 3/20*f**5 - 1/6*f**3 + 59. Let o(t) = t**3 + t**2 - t - 1. Let y be o(0). What is h(y)?
-4
Let i(u) = -7*u - 17. Let v(h) = -50*h - 145. Let g(f) = 15*i(f) - 2*v(f). Give g(22).
-75
Let w(c) = -1 + 2 + 47*c - 35*c. Let i be w(1). Let a = i - 21. Let d(h) = -h**3 - 8*h**2 + 5. Calculate d(a).
5
Suppose -16*f = -0*f - 269 + 13. Let t(j) = j + 28. What is t(f)?
44
Let f(d) = d**3 + 2*d**2 - 5*d - 2. Let b be f(-3). Let t(y) = 0*y**2 + 2*y**2 - 3*y**2 - b + 8*y. Let n(k) = 12*k**2 + 2*k - 3. Let u be n(-1). Determine t(u).
3
Suppose -4*d + 38 = -2*g, -3*d + g + 4*g + 32 = 0. Suppose 4 = -3*x + k + d, -5*x + 9 = -k. Let i(y) = -3*y**2 - 3*y - 5 + x + 0*y**2 + 0*y. Calculate i(-3).
-21
Let r(k) = -3*k**3 + 3*k**2 - 3. Let l be r(-2). Suppose l = -d + 4*d. Let v(n) = d + 5*n - 5*n + n. Determine v(0).
11
Suppose -b - 32 = -5*w + 1, 0 = 3*w + 3*b - 9. Let k(m) = -m**2 - 5*m + 60. Determine k(w).
-6
Let c(x) = -9*x + 7*x - 21927 + 21925. Determine c(6).
-14
Let c(b) = b**3 - 15*b**2 + 30*b - 55. Suppose 650*h - 654*h + 52 = 0. What is c(h)?
-3
Let m be (-16)/24 + (-40)/(-15). Let s(i) be the third derivative of 0 + 1/24*i**4 + 0*i + 5/3*i**3 + 18*i**m. What is s(7)?
17
Let n(f) = -2*f**2 - 11*f + 3. Let i be (-25 - (6 + -13))/3. Give n(i).
-3
Let i(k) = 1024916*k - 3 - 512464*k + k**2 - 512451*k. Let a be (-2)/(-6) + 2/3. Suppose -5*c + 8 = 4*x, -4*x = -2*c + a - 9. What is i(c)?
-3
Let f(a) = -1011*a + 1034*a + 1 - 7. Give f(0).
-6
Let v be (-12 + 7 + 4)*0. Suppose -3*h = -10 + 1, -5*n - h - 57 = v. Let k(j) = j**2 + 11*j - 13. What is k(n)?
-1
Let l(u) be the second derivative of -4*u**3/3 + 21*u**2/2 + 18*u + 17. What is l(4)?
-11
Let m(r) = 4*r - 4. Let q = -16 + 16. Let g be (1 - -2) + (3 - (-1 + 2)). Suppose 3*k + g*n = -q*k - 11, -k = 2*n + 5. What is m(k)?
8
Let x(u) be the second derivative of -1/20*u**5 - 2 - 53*u - 5/12*u**4 - 1/2*u**3 - 3*u**2. What is x(-5)?
9
Suppose -5*c = -3*k - 14, 0*k + 4*c - 18 = -k. Let j(r) = -14*r**3 + 51*r - r**k - 50*r + 7*r**3. Calculate j(1).
-7
Suppose 8*t - 9*t + 12*t = 0. Let c(k) be the third derivative of -8*k**2 + t*k + 0*k**3 + 7/12*k**4 + 0. What is c(1)?
14
Let m be (12 + 8/((-8)/11))*(-6 - -2). Let i(w) = w**3 + 4*w**2 - 3*w + 12. Determine i(m).
24
Let s = 156 + -87. Let w(i) = -66*i - 6*i**2 + 5*i**3 - 4*i**3 + 0*i**2 + s*i + 3. Let q be (-20)/(-6)*(-3)/(-2). Give w(q).
-7
Let p be 4 - (-2)/(-6)*0. Suppose 5*d - p*w + 30 = -w, -3*d + 5*w = 34. Let h(m) be the first derivative of m**3/3 + 4*m**2 + 4*m - 734. Give h(d).
-11
Let n be 4/(-5) - 1000/(-1200). Let x(q) be the third derivative of 0*q + 1/12*q**4 + 16*q**2 + n*q**5 + 1/6*q**3 + 0. What is x(-2)?
5
Suppose 20 = 4*r - v, 0*r - 4*v - 5 = -r. Let u(q) = -q**3 + 9*q**2 - 8*q + 12. Let f(t) = 3*t**3 - 26*t**2 + 24*t - 34. Let j(x) = -3*f(x) - 8*u(x). Give j(r).
-9
Let a(z) = -18*z**3 - 5*z**2 - 7*z - 3. Let h be a(-1). Let v(s) = -59*s + 0 - 9 - 18*s**2 - 50*s + h*s**2 + 119*s. What is v(7)?
12
Let y(g) = -g**2 - 71*g - 316. Let f be y(-66). Let z(b) = -b**2 + 17*b - 17. What is z(f)?
25
Let b(n) = -1 + 6 + 5*n - 3. Suppose -31503 = -45*w - 31458. Calculate b(w).
7
Let y(z) be the third derivative of z**6/120 - 2*z**5/15 + 5*z**4/12 + 4*z**3/3 - 56*z**2 - 2*z + 24. Calculate y(6).
-4
Suppose -2176 = -34*v + 26*v. Let l = -265 + v. Let y(f) = -3*f + 26. What is y(l)?
5
Let t(q) = 3*q**3 + 19*q**2 + 31*q + 16. Let w(c) = 13*c**3 + 77*c**2 + 125*c + 74. Let b(o) = -9*t(o) + 2*w(o). Determine b(-15).
-11
Let n(b) = -b**3 - 2*b**2 + 23*b - 27. Let l be n(-6). Let q(m) = m**3 + 21*m**2 - m - 16. Determine q(l).
5
Let r(y) = -12100*y - 13 + 24203*y - 12092*y - y**2. Let u(w) = -w + 1. Let n be u(0). Suppose -2*p - 3*p = l + n, -p = 5*l - 43. Give r(l).
5
Let n(y) be the first derivative of -y**4/4 + 5*y**3/3 + 5*y**2/2 + 9*y + 1296. What is n(6)?
3
Let n(w) = w**2 + 11*w - 32. Let z(y) = -y**3 + y**2 + 29*y - 7. Let k be z(6). Calculate n(k).
-6
Let q(f) be the firs